 + 43 = 0. Let u be s(x). Let k(l) = -l**2 - 4*l + 5. Give k(u).
-7
Let r(o) = -o**3 + 5. Suppose 0 = -n - 19 + 8. Let x = n + 2. Let d = x - -9. Determine r(d).
5
Let m(f) be the second derivative of 0 + 1/20*f**5 - 1/4*f**4 - 6*f - 1/2*f**3 + 2*f**2. Give m(3).
-5
Let l(u) be the first derivative of u**3/3 + 7*u**2/2 + 6*u + 5. Let m be l(-5). Let x(c) be the first derivative of 2*c**2 + 5*c + 31. Determine x(m).
-11
Let r(c) = -c**3 - 8*c**2 + 5*c - 10. Let j be -5 - (24/12)/(3/6). Give r(j).
26
Let n(f) = -343 - 2*f + 123 + 103 + 120 + f**2 - 6*f**3. Determine n(1).
-4
Suppose -9*a - 10 = -11*a. Suppose -3*j = a*u - 45, 0 = u - 3*u - 2*j + 14. Suppose 2*n + 4*n - u = 0. Let k(m) = 2*m - 1. Determine k(n).
3
Let j = -1700 + 1710. Let h(m) = m**2 - 7*m - 28. Calculate h(j).
2
Let p(k) = -6*k + 3. Let m(u) = -1. Let g(t) = 3*m(t) + p(t). Suppose 0 = -4*n - 2*a - 14, -n - 17 = 5*a + 9. Give g(n).
6
Let b be (1 + -21)/(2 + -4). Let j(f) = -f**2 + 8*f + 9. Determine j(b).
-11
Suppose 11*d - 14 = 9*d. Let l(k) = -2 - 3*k - 4*k + 0 + k**2 - 7. Give l(d).
-9
Let c(p) = 19*p + 725. Let f be c(-38). Let t(i) = 9*i**2 - 2*i - 2. Determine t(f).
73
Let w(c) = -3*c + 4. Let m be 16/((-4)/(-2 + 6)). Let g = -12 - m. Determine w(g).
-8
Let q be (-6)/8 + 11/4. Suppose q*m - 32 = 3*m - 5*j, -5*j = m - 8. Let v = m - -11. Let h(a) = 3*a + 1. Determine h(v).
-2
Let s(w) = w + 2. Let o(a) = -a**3 - 9*a**2 - 2*a - 13. Let l(c) = -c**3 + 8*c**2 - 6*c - 4. Let u be l(7). Let k be 3*(-1)/1*u. Let p be o(k). Give s(p).
7
Let d(h) = h**3 + 4*h**2 + 2*h + 6. Let k(m) = m - 3. Let f be k(-1). Calculate d(f).
-2
Let t(g) = -g - 2. Let l be (0 - 0) + (-2 - -29). Suppose -l = 10*z + 13. Calculate t(z).
2
Let f(n) be the third derivative of -7*n**4/24 + n**3/6 - 24*n**2. Calculate f(-1).
8
Let k = 49 - 38. Let m(o) = o**3 - 10*o**2 - 12*o + 6. Determine m(k).
-5
Let f(x) = -11 + 6*x - 2*x - x - 4*x. Calculate f(-15).
4
Suppose j - n + 3 = -j, 2*n - 2 = 0. Let s(o) = o**2 + 25*o - 6. Let l be s(-25). Let k(u) = -2*u + 1. Let t(d) = -d + 1. Let q(b) = l*k(b) + 5*t(b). Give q(j).
-8
Let o(j) = 191*j - 376. Let b be o(2). Let m(w) = 2*w - 7. Calculate m(b).
5
Let m(g) = -g**3 + 2*g**2 + 3. Suppose 3*c + 2*s + 4 = -0*c, -2*c + s - 12 = 0. Let v = c - -7. What is m(v)?
-6
Let j(z) be the third derivative of -z**6/120 + 3*z**5/20 + 7*z**3/6 + 4*z**2 - 10. Determine j(9).
7
Let r(d) = d**2. Let k be r(2). Let t(v) = v**2 - 6. Let g be t(3). Let q(f) = -4*f**2 + 0 + 4*f - 2*f + f**3 - 3*f + g. Determine q(k).
-1
Let k(x) = -x + 15. Let g(z) = -z**3 - z**2 + z + 11. Let c be g(0). Determine k(c).
4
Let y = 8 + -4. Let g be y*(-1)/4*-2. Let l(s) = 7*s**3 + 3*s**2 - 5*s - 5. Let n(t) = -3*t**3 - t**2 + 2*t + 2. Let v(x) = -4*l(x) - 10*n(x). Calculate v(g).
8
Suppose -5*o = -2*t - 15, 13*o - 12*o = 3*t - 10. Let z(n) be the second derivative of n**5/20 - 5*n**4/12 + n**3/3 - n**2/2 - 2*n. Calculate z(o).
9
Suppose -21*s + 3 = -102. Let q(n) be the second derivative of 0 + 4*n + 1/2*n**4 - 1/2*n**3 - 1/20*n**s - 2*n**2. Determine q(5).
6
Let c(y) = -y**3 + 5*y**2 + 6*y + 7. Let r(k) be the third derivative of k**6/120 - k**5/30 + k**4/12 + k**3/3 - 39*k**2. Let j be r(2). Determine c(j).
7
Let d(c) = -c - 9. Let q be d(-7). Let w be 8/24 + q/6. Let y(b) = b + w*b + 8 + 0*b. What is y(-5)?
3
Let w(n) = -5 - 111*n**2 + 223*n**2 - 9*n - 113*n**2. Calculate w(-7).
9
Let o(n) = 10*n - n**2 - 29*n + 13*n + 7*n + 4. Give o(-4).
-16
Let p(r) = -22*r**2 + 52*r**2 - 5 + 2 + 4*r - 17*r**2 - 19*r**2. Determine p(1).
-5
Suppose -2*g + v + 3*v + 28 = 0, -2*g - 5*v + 19 = 0. Let p(x) be the first derivative of x**3/3 - 11*x**2/2 - 11*x - 2. Determine p(g).
1
Suppose -4*a + 17 = m, 0 = 2*m - 3*a + 8*a - 22. Let g(r) = 4*r - 1. Give g(m).
3
Let p(d) be the third derivative of d**5/60 - 7*d**3/6 + 33*d**2. Give p(3).
2
Suppose -2*j - 2 = -3*i - j, -8 = 4*i + 4*j. Suppose -2*b + 0*b + 6 = i. Let g(c) = 0 - 2 + 4 - c + 4*c - c**2 - 3. What is g(b)?
-1
Let h = -25 - -30. Suppose 24 = h*u - u. Let s(d) = 5*d - 2*d**3 + 5*d**3 + 7 - 7*d**2 - 2*d**3. Calculate s(u).
1
Suppose 0 = 7*j - 3*j. Let h(y) be the third derivative of y**4/24 + 4*y**3/3 + y**2 - 9. What is h(j)?
8
Let o(h) = -9*h + 6. Let y(p) = -5*p + 3. Suppose -3*q + 2 - 35 = 0. Let x(s) = q*y(s) + 6*o(s). Let i(w) = w**2 + 6*w + 5. Let u be i(-5). What is x(u)?
3
Suppose 39*m - 6*m - 66 = 0. Let t(u) = 3*u**3 - 3*u**2 + 3*u - 4. Calculate t(m).
14
Let f(c) = -6*c**3 - c + 1. Let i be (12/16)/((-15)/(-20)). What is f(i)?
-6
Let a(b) be the first derivative of -b**3/3 - 8*b**2 - 9*b + 1. Let l be a(-8). Let w be 210/l + (-4)/(-22). Let g(s) = s**3 - 3*s**2 - 5*s + 1. What is g(w)?
-3
Let h(r) = 2*r + 2. Suppose 4*n = n + 6. Calculate h(n).
6
Let c(x) = -20*x**2 - x + 1. Let b(s) = 3*s + 13. Let q be b(-4). Let z be 2 + q + -4 + 2. Calculate c(z).
-20
Let h(z) = -294 + 144 + 3*z + 152. Let w be (-6)/(-2 + 2 + -1). Suppose -3*f - 2*v = -8, v - 5*v + w = f. Determine h(f).
8
Let o(d) = d**2 - 7*d - 8. Suppose -2*p - 6 = m - 0, 4*m - 2*p - 16 = 0. Let i(a) = 2*a**2 - 4*a + 7. Let g be i(m). Calculate o(g).
-8
Let h be (-3 + (-7)/1)/2. Let u = 7 + h. Let j(v) = 2*v**2 - 2*v + 3. What is j(u)?
7
Let o(j) be the third derivative of j**4/6 - j**3/2 - 19*j**2. Determine o(2).
5
Suppose 7*o - o + 36 = 0. Let a(i) = -13*i - 29. Let w(d) = -3*d - 7. Let y(x) = -2*a(x) + 9*w(x). Give y(o).
1
Let k(i) be the second derivative of 2*i**3/3 - i**2/2 + 56*i. Determine k(-6).
-25
Let h(j) = -12*j - 1. Let m(q) = q**2 + 3*q - 2. Let f be m(-4). Let y be (6/(-12))/(f/(-4)). Calculate h(y).
-13
Let s be 17/3 + 1/3. Let c(i) = 2*i**2 - 7*i + 3. Let j be c(s). Let k(g) = g**2 + 2*g + 26 + g - 2*g - j. What is k(0)?
-7
Let c(u) be the first derivative of -1/4*u**4 + 11 + 2*u**3 + 5*u - 7/2*u**2. Suppose 2*k = -0*k + 10. Calculate c(k).
-5
Suppose -37*m + 43*m - 54 = 0. Let i(f) = f**3 - 11*f**2 + 12*f + 13. Determine i(m).
-41
Let w be 1/(1 - (-10)/(-8)). Let i = 52 + -50. Let q(j) = i*j**2 - 2 - 2 - j**2 - 647*j + 649*j. What is q(w)?
4
Let j(y) = -y**3 - 5*y**2 - 6*y + 2. Suppose 37*n + 233 = 48. Determine j(n).
32
Suppose -2*f + 35 = 5*f. Let r(j) = -f*j + 21*j**2 + 5 - 20*j**2 + 6*j. Suppose 6 = 3*z - 3*y, 2*z - y - 10 = 4*y. Give r(z).
5
Let a(r) = r**3 - 10*r**2 + r + 1. Let w(d) = d**3 - 15*d**2 - 17*d + 16. Let v be w(16). Suppose v = 2*k - 1 - 19. Determine a(k).
11
Let v(g) be the second derivative of g**3/3 - 7*g**2/2 - 537*g. Give v(8).
9
Let t(k) = 15*k**3 - 354*k + 4 + 348*k - 2*k**2 - 14*k**3 + 0*k**2 - k**2. Calculate t(4).
-4
Let u(o) = -o**3 - 4*o**2 + 3*o + 4. Let g(b) = b**2 - 4*b - 25. Let z = 103 - 106. Let x be g(z). What is u(x)?
-8
Let b be (-4 - (-3 + 4))*(-6)/(-30). Let d(a) = 14*a + 7. Calculate d(b).
-7
Let r(z) = -z**2 + 9*z - 9. Let n be 65/(-25) - (-3 - 36/(-15)). Let s be (2/4)/(n - 29/(-14)). Determine r(s).
5
Let x(n) = n**2 - 8*n + 15. Let r be x(5). Let m(k) = k**3 + k - 2. Let g be m(r). Let w(o) = o**2 + 3*o + 2. Calculate w(g).
0
Let t(g) = -g**3 + 3*g**2 + 6*g + 7. Let h = -7 - -9. Let m be 5 + h + -3 + 0. Suppose -m - 6 = -2*k. What is t(k)?
-13
Let m(x) = -x - 8. Suppose 0*s - 5*s + 95 = 0. Let w(p) = p**2 + 19*p + 37. Let v be w(-17). Suppose -4*l = -t + 38 - 16, v*l = 2*t - s. Give m(l).
-3
Let j(o) = -o - 1. Let v(r) = -2*r - 1. Let n(z) = 5*j(z) - v(z). Calculate n(3).
-13
Let v = 4 + -2. Let n be (5/(-2))/(2/(-4)). Let c(m) = -2*m + 1. Let a(i) = -2*i + 1. Let d(b) = n*c(b) - 6*a(b). Determine d(v).
3
Let o(n) be the first derivative of 6 - 1/2*n**2 + 8*n. What is o(5)?
3
Let o(r) = r**2 + 7*r + 4. Let q be 68/(-12) - (-9)/(-27). Give o(q).
-2
Let f(c) = c - 6. Let w(h) = 5*h - 23. Let d be w(7). Let v = -2 + 4. Suppose -2*g + 14 = 3*n, 2*n + 2*g = -v*g + d. Give f(n).
-2
Suppose -2*n = 4 + 2. Let r(v) be the third derivative of v**7/2520 - v**6/360 + 7*v**5/60 - 8*v**2. Let w(q) be the third derivative of r(q). Determine w(n).
-8
Let x(g) = -7*g**3 - 3*g - 4. Let r be x(-1). Suppose 0 = -23*d + r*d + 102. Let b(w) = 2*w - 8. What is b(d)?
4
Let x(j) = -11 + 10*j + 8 - 7*j + 7*j**2 + 2*j**2. Determine x(2).
39
Let l(q) be the second derivative of -q**6/360 + q**5/60 + 8*q**4/3 + 25*q. Let n(v) be the third derivative of l